derivative of 6*g**2 + 0 + r*g**3 - 1/8*g**4 + 0*g. Calculate s(-2).
6
Let u(b) = -3*b - 10. Let y be u(-4). Let p(v) = 2*v**3 - v - 7*v**2 + y*v - 2 - 2*v - 3*v**3. Determine p(-7).
5
Let f(i) = 6*i - i + 2 - 4*i - 2*i + 2*i. Calculate f(2).
4
Let v = -2129 - -2129. Let d(c) = c**2 - 2. Calculate d(v).
-2
Let i(t) = t**2 + 7*t + 3. Suppose 19 = 3*x + 73. Suppose 0 = 3*u + 305 - 62. Let z be u/x*8/(-6). Give i(z).
-3
Let n(t) = 12*t**2 - 2*t + 1. Let k(i) = -i**3 + 17*i**2 - 17*i + 18. Let r be k(16). Suppose -3*a + 2*a + 1 = 0. Let h be (4/r + -1)/a. Determine n(h).
11
Suppose -b + 13 = -6. Let n = -12 + b. Let f(o) = 6*o + 2 + 0*o**2 - 6*o**2 + n*o**2. Calculate f(-4).
-6
Let p(b) = 2*b - 7. Let k = 179 - 175. Give p(k).
1
Let l(w) be the third derivative of 1/6*w**3 + 0 - 1/24*w**4 + 0*w - 1/30*w**5 + 6*w**2 - 1/120*w**6. What is l(-2)?
3
Let s(t) be the second derivative of 3*t + 0 + 1/2*t**2 - 2/3*t**3. Let u(z) = z**2 - 14*z + 39. Let o be u(4). Give s(o).
5
Let s(b) = -b - 5. Let a = -18 + 29. Let z(g) = g - 6. Let r be z(a). What is s(r)?
-10
Let x(w) = -w**3 - 8*w**2 - w + 4. Suppose 0 = -5*c, 0*p - 3*p + 4*c = 24. Give x(p).
12
Let f(m) = m - 1. Let h(p) be the first derivative of -4*p**3 - 2*p**2 + 5*p - 1. Let c(k) = 4*f(k) + h(k). Let v be (-2)/(-6)*(-2 + 5). Calculate c(v).
-11
Let p = -66 + 71. Let w(m) = 2*m**2 - m - 5. Calculate w(p).
40
Let q = -5 - -3. Let o be 42/15 - 3/(-15). Let p(k) = -5 - k + o - 2 + 2. Calculate p(q).
0
Let j(y) be the first derivative of y**2/2 - 14*y + 48. Determine j(5).
-9
Let j(z) be the first derivative of z**6/360 + 3*z**5/40 + 5*z**4/24 - 14*z**3/3 - 5. Let h(a) be the third derivative of j(a). Give h(-7).
-9
Suppose -6*w + 9 = -3. Suppose 0 = 4*q - j - 2, q + 4*q - w = j. Let f(n) = n + 20. Determine f(q).
20
Let x(r) = -8*r + 9 - 10561*r**3 - 7*r**2 + 10562*r**3 - 2. What is x(8)?
7
Let n(i) = i**3 - 8*i**2 + 7*i + 6. Let h be n(7). Suppose 0*k = -2*k + h. Suppose k*g + 0*g + 12 = 0. Let m(c) = -c**2 - 5*c + 1. What is m(g)?
5
Suppose 5*s + 0*h = 4*h - 41, 2*s - 2 = -3*h. Let l(c) = -10*c + 1. Let v(b) = 21*b - 2. Let x(q) = s*l(q) - 3*v(q). What is x(2)?
-25
Let x(v) be the third derivative of -v**4/12 - v**3/2 - v**2. Suppose -4*r + 0 + 4 = 0. Suppose -r = 2*q + 3. What is x(q)?
1
Let x(y) = y**2 - 5*y + 5. Let d(n) = -n**2 - 19*n + 22. Let z be d(-20). What is x(z)?
-1
Suppose 3*s + 5*f - 13 + 29 = 0, 0 = 3*s + f + 8. Let l(g) = -11*g + 6. Determine l(s).
28
Suppose n = -n + 8. Let k be 9/5 + n/20. Let r(w) = w**2 - 3*w + 1. Determine r(k).
-1
Suppose -5*j - 4*g - 15 = 0, 4*j + 53 = -0*j + 5*g. Let b(i) = 14*i**3 - 7*i**2 + 9*i**3 + 11*i**3 + 2*i - 1 - 35*i**3. Determine b(j).
-15
Let x(i) = i**2 + i - 4. Suppose 11*d - 16*d = 15. What is x(d)?
2
Let o(z) = 2*z**3 - 10*z**2 - 10*z - 3. Let v(g) = -g**3 + g**2 + g. Let t(j) = o(j) + 3*v(j). Suppose 28 = -4*y + 2*f, -4*y + 26*f - 26 = 25*f. Calculate t(y).
3
Let x(u) = 19*u**2 - 21*u + 7. Let w(v) = 11*v**2 - 11*v + 4. Let s(g) = 5*w(g) - 3*x(g). What is s(7)?
-43
Let r(y) = -5*y + 3. Let s(v) be the first derivative of v**2/2 + v + 12. Let c(w) = r(w) + 2*s(w). Give c(5).
-10
Suppose 23*a - 49 - 66 = 0. Let q(r) = -r**2 - 4*r + 3. Determine q(a).
-42
Let z = 60 + -46. Suppose -4*o = 3*o - z. Let t(h) = -h**2 + h + 1. Give t(o).
-1
Let f(t) = -t**3 - 3*t**2 + 3*t. Let y be f(-4). Suppose 3*l + h = 5, 5*l - h = -y*h + 15. Let r(n) = 26 - n**2 + 15 - n - 49. Determine r(l).
-8
Let b(f) be the second derivative of f**3/6 + 2*f**2 + 50*f. What is b(-5)?
-1
Suppose -2*c - 6*n + n = -14, -2*n = -5*c - 23. Let w be 1/3 - 1 - (-65)/3. Let m(g) = -7 - 6 + w + g - 1. Calculate m(c).
4
Suppose -4*i + 6 + 10 = 0. Let z(a) = a**3 - 2*a**2 - a - 5. What is z(i)?
23
Suppose 5*d = d - 5*z + 15, 21 = 4*d - z. Suppose -d*o - 25 = -10*o. Let x(m) = -m**2 + 5*m - 5. Determine x(o).
-5
Let g = -13 - -18. Let k = -6 + g. Let m(l) = 3*l + 5. Let x(c) = 20*c + 32. Let z(q) = -32*m(q) + 5*x(q). What is z(k)?
-4
Let f(z) = -z**3 + 5*z**2 - 2*z - 5. Let v(u) = -5*u**3 + 24*u**2 - 12*u - 24. Let k(y) = 11*f(y) - 2*v(y). Give k(7).
7
Let s(h) = -h**2 - 4*h - 3. Let p(f) = -2*f**2 - 7*f - 6. Suppose 3*b = -w + 1, w + 1 = 2*b - 8. Let r(k) = b*p(k) - 5*s(k). Let q = -2 - 3. What is r(q)?
-2
Let g be 74/(-185)*(-10)/24. Let r(b) be the third derivative of -g*b**3 + 4*b**2 + 0 + 0*b**5 + 0*b + 1/15*b**6 + 1/24*b**4. Determine r(1).
8
Suppose -15 + 3 = -3*b. Let z(v) be the first derivative of -1/3*v**3 - v + 5/2*v**2 + 9. Calculate z(b).
3
Let b be (-8 - -7)*(2 + (-2 - 3)). Suppose 5*h = -b*h + 48. Let z(k) = -k**3 + 6*k**2 - k + 3. Calculate z(h).
-3
Let r = 158 + -156. Let c(k) = 16*k**2 - 31*k**2 - 2*k - k**3 + 1 + 13*k**r. Calculate c(-2).
5
Let n(v) = -11*v**3 - 4*v**2 - v + 4. Let r(o) = -35*o**3 - 14*o**2 - 4*o + 11. Let g(m) = -19*n(m) + 6*r(m). Calculate g(-7).
-24
Suppose 4*s - 28 = -0*s. Suppose b + s = 2*b. Let a(o) be the third derivative of o**4/24 - 5*o**3/3 - 10*o**2. Calculate a(b).
-3
Suppose -m - 4*g = -22, -2*g = 5*m - g - 34. Let w(r) = -2*r**2 + 8*r + 15. Give w(m).
-9
Suppose -7*j = -12*j + 25, 0 = -3*p - 5*j + 31. Let x(v) be the first derivative of -2*v**3/3 - v**2/2 + 2*v - 9. Give x(p).
-8
Let v(z) be the second derivative of -1/4*z**4 - 3/2*z**2 + 2*z + 0 - 1/10*z**5 - 2/3*z**3. Let g = -626 + 624. What is v(g)?
9
Let x(s) = s**2 - 10*s + 6. Let b be ((-40)/(-28))/(3/63). Suppose m - 5*m = y - 25, 3*y + b = 3*m. Determine x(m).
-15
Let f be 3*(10/6 - -3). Let z be (-3)/2 - (-49)/f. Let k(b) = 9*b**z + 5*b - 2 - 7*b**2 - b**3 + b**2. Give k(4).
2
Let z be -2*1/(-2) - 5. Suppose -6526 = -5*b + 8544. Let c(k) = 3009*k**2 + 0*k**3 - k**3 - b*k**2 + 2. What is c(z)?
-14
Let t(k) = -258*k**3 + 22 - k**2 + 259*k**3 + k**2. Determine t(0).
22
Let n be ((-5)/(-7))/((-2)/7)*-2. Let f(t) = t - 4. Determine f(n).
1
Let r = -11 + 10. Let c be 4 - ((r - 1) + 4). Let x(k) = -4*k**c + 12*k - 5*k - 7 + 3*k**2. What is x(5)?
3
Let w(n) = n**3 - 4*n**2 - 4*n + 5. Let b be 3*(1 + (-4)/(-12)). Suppose 15 = -b*t + 7*t. What is w(t)?
10
Let g(u) = u + 1. Let j(k) = 3*k. Let c be j(-3). Let h = c - -14. Suppose -h*z = -0*z + 30. Calculate g(z).
-5
Let i(t) = -2 + 13 - 6 - 7 - 2*t**3. Determine i(2).
-18
Let p(h) = h**3 - 23*h**2 - 23*h - 22. Let q be p(24). Let f(l) = -1 + 10*l**2 + 7*l**2 + 2*l - l**q. Give f(1).
17
Suppose -r + 5*j = -2*r + 15, -9 = -3*j. Suppose 2*s + 5 - 19 = r. Let g(v) = v**3 - 7*v**2 - 3*v + 10. Determine g(s).
-11
Let y(u) = -u**3 + 6*u**2 - 6*u - 7. Let n(k) = -9*k + 5. Let q(j) = j. Let o(b) = n(b) + 6*q(b). Let p be o(0). Give y(p).
-12
Let m = 8 + -5. Suppose m*s - 4 = -1. Let t(d) = -s - 3*d + 7*d + 4*d. Determine t(1).
7
Let k(l) = l**3 + 8*l**2 - 3. Suppose 0*r - 88 = 11*r. What is k(r)?
-3
Let t(g) be the third derivative of 1/12*g**4 + 22*g**2 + 0*g**3 + 0 + 0*g. Suppose -f - 2*p - 8 = 0, -5 = 4*p - 3*p. Give t(f).
4
Let m(d) = d**2 - 2*d + 3. Suppose 4*h - 4 = -20. Let i = h + 6. Let y be -2*(i + -3)*1. Give m(y).
3
Let c be 7/21 + (16/(-3))/(-2). Let f(s) = -2*s + 8*s**2 - 3 - 4*s**3 + 1 - 12*s**2 + c*s**3. Determine f(-4).
6
Let c(k) be the second derivative of -k**5/120 - k**4/8 - 22*k**3/3 + 2*k. Let t(x) be the second derivative of c(x). Calculate t(-8).
5
Suppose 2*b + 9 = 5*b. Let l be (b - 10/3)*-12. Let p(m) = 1 + l*m + 4*m - 5*m - 5*m. Calculate p(-1).
3
Let k(c) be the third derivative of -1/60*c**5 - 2*c**2 + 0*c + 0 - 1/3*c**3 + 7/24*c**4. Let i be ((-162)/12 - -3)*(-4)/6. What is k(i)?
-2
Let m(k) = -6*k**3 + 19*k**2 + 43*k + 9. Let q(u) = u**3 - 4*u**2 - 8*u - 2. Let o(a) = 2*m(a) + 11*q(a). Determine o(-5).
-19
Let q(u) = 3*u**2 + 2*u**2 + u**2 + 1. Let w = -346 - -345. Give q(w).
7
Let g(f) = -7*f**3 - 7*f**2 - 5*f - 14. Let b(y) = -3*y**3 - 4*y**2 - 3*y - 6. Let z(w) = -5*b(w) + 2*g(w). Determine z(-5).
2
Let a = -11 + 8. Let x(m) be the third derivative of 0 + 2*m**2 + 0*m**3 + 0*m + 1/24*m**4. Give x(a).
-3
Let x(t) = 2*t**2 - 4*t + 2. Let v(m) = m - 4. Let p(u) = 0*u - 2*u - 4*u + 0*u. Let s be p(-1). Let n be v(s). Determine x(n).
2
Let t(d) = d + 11. Let f be t(-15). Let b(s) = -14*s**2 + 3. Let y(a) = 28*a**2 - 5. Let h(n) = f*y(n) - 7*b(n). Determine h(1).
-15
Let l(r) = r**3 - 559*r + 14 + 23*r**2 - 79 + 